48)).
9
Let i = 210 + -112. Suppose -4*p + i = -2*p. What is the remainder when p is divided by 17?
15
Let z(m) = m**3 - 5*m**2 - 7*m. Suppose 0 = -5*s + 3*a + 41, 6*a - a = 2*s - 24. Suppose -4*y + 38 = -30. Calculate the remainder when z(s) is divided by y.
15
Suppose 2*r + 156 = 8*r. Calculate the remainder when r is divided by 15.
11
Let h(o) = o + 8. Let y be h(-4). Suppose 4*i - 2*x = 212, -4*i = -2*i + y*x - 116. Let v = i + -10. What is the remainder when v is divided by 15?
14
Let m(u) = -6*u - 12. Calculate the remainder when 59 is divided by m(-4).
11
Suppose -14 = -0*h - 2*h. Let b = h - 1. What is the remainder when 15 is divided by b?
3
Let m(y) = y**2 + 2*y + 8. Suppose -d - 2 = 4*k, -5*k + 47 - 7 = -3*d. Calculate the remainder when m(d) is divided by 30.
28
Suppose -g - 4*g + 295 = 0. Calculate the remainder when g is divided by 15.
14
Suppose 2*b + 3*b = -3*r + 119, 0 = -4*r + 4*b + 116. Calculate the remainder when 98 is divided by r.
32
Let y(w) = w - 2. Suppose -2*f + 23 - 6 = k, 2*f + 5*k - 37 = 0. Let q be y(f). Suppose -16 = -q*b + 16. Calculate the remainder when b is divided by 5.
3
Suppose 5*u = 4 + 11. Let t = 11 - u. Calculate the remainder when 15 is divided by t.
7
Let i(d) = -d**2 - 5*d + 3. Let w be i(-5). Let t = -23 + 50. Calculate the remainder when t is divided by 85/6 + w/(-18).
13
Let v(q) = -4*q. Let p = 6 + -10. Let w(c) = -c**2 - 3*c - 2. Let a be w(p). What is the remainder when v(a) is divided by 9?
6
Suppose 2*n - 2*b + 4 = 0, -3*n + 5*b - 16 = -0*b. What is the remainder when 28 is divided by n?
1
Let x = 7 - 5. Suppose -5*c = h + 33, 0*h = 2*c - x*h + 6. Calculate the remainder when (-10)/(-3)*c/(-5) is divided by 3.
1
What is the remainder when 9 is divided by 154/33 + (-1)/(-3)?
4
Suppose 3*y - 262 = 329. What is the remainder when y is divided by 50?
47
Let q be 0 + -1 + (0 - 1). Let i be (-17)/2 + 1/q. Calculate the remainder when (-231)/i - 3/(-9) is divided by 14.
12
Suppose 5*y + 2*n = 75, 2*n = -3 + 13. What is the remainder when 51 is divided by y?
12
Let f(o) = -o**3 - o**2 + 4*o + 3. Calculate the remainder when f(-3) is divided by 6.
3
Let n(i) = -i + 1. Calculate the remainder when n(-1) is divided by 2.
0
Let w(i) = 2*i**2 + 19*i + 12. What is the remainder when 20 is divided by w(-9)?
2
Let v be (-1 + 3 + -3)*-3. Suppose 0 = 3*r - 5*f - 38, 5*r + v*f - 82 = 2*f. What is the remainder when r is divided by 6?
4
Let q(a) = 20*a**2. What is the remainder when 59 is divided by q(-1)?
19
Suppose 3*b - 525 = -12*b. Calculate the remainder when 206 is divided by b.
31
Let s be 2/(-8) - (-125)/4. Let q = 49 - s. Let t(k) = 4*k**2 - 4*k + 2. What is the remainder when q is divided by t(2)?
8
Let j be (-2 - (-8)/4)/1. Suppose u - k = 62, j*k = -2*k - 8. What is the remainder when u is divided by 15?
13
Let h(a) = -2*a**2 + 40*a + 26. Calculate the remainder when 71 is divided by h(20).
19
Let c(i) = -7*i - 6. Let x be c(-3). Let w = 2 + -2. Suppose w = -0*v + 5*v - x. Calculate the remainder when v is divided by 2.
1
Let n(w) = -w**2 - 10*w + 4. Let i = -2 - -87. What is the remainder when i is divided by n(-5)?
27
Suppose -4*p = 5 + 3, -2*u + 5*p - 248 = 0. Let h be (2 - (u + -1)) + -2. Suppose -h = -4*k + 6. What is the remainder when k is divided by 12?
10
Let o = -3 + 9. Let v be (o/9)/((-1)/6). Calculate the remainder when 38 is divided by v/(-2)*(-78)/(-12).
12
What is the remainder when 35 is divided by 0 - -6*(-12)/(-8)?
8
Let m = 121 - 73. What is the remainder when 141 is divided by m?
45
Let g = -8 + 7. Let x = 1 + g. Let q = x - -5. What is the remainder when q is divided by 2?
1
Let c(j) = 2*j**3 - 3*j**2 + 2*j. Let y be c(2). What is the remainder when 11 is divided by 2*(-2)/y*-6?
2
Suppose 3*k - 4*k + 4*w = 19, 3*k = 2*w - 27. Let m = 13 + k. Suppose m*t - 15 = t. What is the remainder when 5 is divided by t?
2
Suppose -7*t + 36 = -3*t. Calculate the remainder when t is divided by 4.
1
Suppose 0 = -0*n + 5*n + j - 3, -5*j = -2*n - 15. Suppose n = -5*t + 10 + 5. Suppose p - t*p = -26. Calculate the remainder when p is divided by 5.
3
Let a(j) = j**2 + 3*j + 2. Calculate the remainder when (0/2 - -2) + 21 is divided by a(-5).
11
Let g = -375 + 611. Calculate the remainder when g is divided by 17.
15
Suppose 2*x + x - 36 = 0. Suppose 4*a - 15 = -3*b + x, 3*b - 5*a = 0. Calculate the remainder when 6/9*(-39)/(-2) is divided by b.
3
Let w be 4 + (-3 - -3) + 0. Let s = -1 + w. What is the remainder when 4 is divided by s?
1
Suppose 0 = -2*v - 3*f - 92, -59 = 3*v - 3*f + 49. Let o be (v/(-25))/((-2)/10). Calculate the remainder when 15 is divided by (2/2)/((-1)/o).
7
Let a = -35 - -74. What is the remainder when a is divided by 2/(-3) + (-62)/(-3)?
19
Suppose -l + 2*l + 4 = -2*c, c + 16 = 3*l. Suppose 3*s - 38 = -2*g, 66 = 3*g + 3*s + 3. Let p = -16 + g. What is the remainder when p is divided by l?
1
What is the remainder when (-2 - 22*-7)*(-8)/(-16) is divided by 20?
16
Let p = 149 + -114. Let l(g) = -g**2 - 3*g + 7. Let d be l(-5). What is the remainder when p is divided by d/((-7)/6 - -1)?
17
Let y(b) = b - 9*b**2 - 2 + b**3 + 4*b + 5*b. What is the remainder when 27 is divided by y(8)?
13
Let o = 12 + -2. Suppose 4*i - o = -2. Suppose 239 = 5*u - 3*x, 5*u + 5*x - 251 = i*x. What is the remainder when u is divided by 17?
15
Let r(a) = 13*a**2 + a + 1. Let i = -17 + 31. What is the remainder when r(2) is divided by i?
13
Let k(m) = 3*m + 5. Let l be -1*(-3)/(6/94). Let b = l - -2. What is the remainder when b is divided by k(4)?
15
Let z = 11 + 0. Suppose 3*m = z - 2. Calculate the remainder when 8 is divided by m.
2
Let x = 117 - 106. What is the remainder when 18 is divided by x?
7
Suppose 2*o - 14 - 1 = -5*x, x - 3*o + 14 = 0. What is the remainder when 26 is divided by (-70)/(-8) - x/(-4)?
8
Let g(s) = -s**2 + 10*s - 5. What is the remainder when 6 is divided by g(9)?
2
Suppose -3*t = -5*t + 10. Suppose -2 = -t*m + 8. Calculate the remainder when m is divided by 1.
0
Let n = 12 + 42. Calculate the remainder when n is divided by 19.
16
Let h = -8 - -12. Suppose -h*l = l - 15. Calculate the remainder when 4/18 + (-43)/(-9) is divided by l.
2
Let h = -165 + 95. Let w = 25 - h. Suppose 0 = 2*k - w - 11. What is the remainder when k is divided by 27?
26
Suppose 0 = 4*p + p - 25. Suppose p*q - 39 = 36. What is the remainder when 29*1 - (-4 + 5) is divided by q?
13
Suppose -y + c + 10 = 0, 5*y - 3*c = -2*c + 34. What is the remainder when 24 is divided by y?
0
Suppose -4*q + 17 + 11 = 0. What is the remainder when 22 is divided by q?
1
Suppose u + 4 = -p + 5, -4*u = -p + 11. Suppose 0 = i - 0 + 15. Let a = -7 - i. What is the remainder when a is divided by p?
2
Suppose 4*q = -4*m + 64, m = -3*q + 4 + 6. Let y = -11 + m. Calculate the remainder when 15 is divided by y.
7
Suppose -s + 11 = -7. Calculate the remainder when 41 is divided by s.
5
Let h = -25 - -67. Let d = 6 - -9. Calculate the remainder when h is divided by d.
12
Suppose -3*o - 2 + 8 = 0. What is the remainder when 6 is divided by o?
0
Let i = 14 + -11. What is the remainder when 9 is divided by i?
0
Let a(p) = -2*p + 5. Calculate the remainder when 43 is divided by a(-3).
10
Let w(o) = -o**2 + 6*o + 7. Calculate the remainder when w(6) is divided by 3.
1
Let g = -8 - -17. Let m = g + -2. Calculate the remainder when 19 is divided by m.
5
Let m = 11 - 7. Suppose -4*p = -m, 0 = 4*d - 0*p - 4*p - 76. What is the remainder when d is divided by 7?
6
Suppose 0 = -4*p + 16, p = 3*k - 195 - 104. What is the remainder when k is divided by 26?
23
Suppose -3*d + 17 = -4. Suppose 0 = 5*w + 2*h - 42 + d, -4*h - 20 = 0. Let f(k) = k**2 - 8*k + 5. What is the remainder when w is divided by f(8)?
4
Suppose 0 = -8*o + 4*o. Suppose -t + c = -0*t - 2, -3*c + 15 = o. Calculate the remainder when (12/5)/((-7)/(-35)) is divided by t.
5
Suppose 0 = i - 13 - 28. Let f = 65 - i. What is the remainder when 2*f + (-3)/1 is divided by 12?
9
Suppose j = -4*w + 29, -3*w = -2*j + 2*w + 58. Let n be 2 + 0/2 + 27. Let k = n - 14. Calculate the remainder when j is divided by k.
14
Let m = -7 - -21. Let d = -19 + 7. Calculate the remainder when 2 + (d + -1)*-3 is divided by m.
13
Suppose 3*q = -q + 104. Let w(k) = -6 + 4*k**3 - 11 - 2*k**2 - 5*k**3 -